r + 688. Is r prime?
False
Let m(x) = -1406*x + 391. Is m(-9) composite?
True
Let c(o) be the first derivative of -o**7/840 - o**6/90 - o**5/60 - o**4/6 - 2*o**3/3 - 2. Let i(g) be the third derivative of c(g). Is i(-5) composite?
False
Let y(l) = -215*l**3 + l. Let s be y(-1). Suppose 0 = -57*i + 61*i + 412. Let z = i + s. Is z a prime number?
False
Suppose 2*c = 2*n + 7*c + 17, 3*n + 5*c + 13 = 0. Suppose -3*u = -m + 616, -m + n*u + 769 = 158. Is m prime?
True
Is (-2 + 0 - -90742) + -9 a composite number?
False
Suppose -6*m + 14544 + 2334 = 0. Is m a prime number?
False
Let o(m) = 2*m - 22. Let z be o(12). Let p = z - -7. Is (-16144)/(-24) - (-3)/p prime?
True
Let s(p) = -158*p**3 - p**2 + p + 1. Let d be 4/6*(24 - -6). Let c = d + -21. Is s(c) composite?
False
Let n(q) = -225*q**3 + 27*q**2 + 15*q - 16. Is n(-7) prime?
False
Suppose 3*k = 3*a + 3165, a - 3 - 2 = 0. Suppose 3750 = 5*z + k. Is z a prime number?
False
Let y be (12 - 3/(-3)) + 2. Suppose 0*z - y = 3*z. Let x(c) = 7*c**2 + 4. Is x(z) composite?
False
Let f(s) be the second derivative of -3*s**5/5 + s**4/6 + s**3/3 - 3*s**2/2 + 10*s. Let o be f(1). Is (-818)/(-22) + 2/o prime?
True
Let t(y) = -1304*y - 97. Is t(-12) composite?
False
Let i(y) = 108*y**2 + 3*y - 12. Let t be i(3). Suppose t - 12 = 3*s. Is s a prime number?
False
Let f = -168 + 314. Suppose -2*l + 92 = -f. Is l prime?
False
Let w = 4205 + -2160. Is w a composite number?
True
Suppose -4*b - 2*p = -7760, -2*p - 7774 = -4*b + 3*p. Is b prime?
False
Suppose -15 = -6*d + d + 5*t, t = -3*d + 5. Suppose -5*q = 5*k - 4770, -k + 958 = d*q + 3*q. Is k a composite number?
False
Suppose -3*x - 22 = 5. Let o(s) = s**2 + 12. Is o(x) composite?
True
Let x = 61 - 32. Let f = x - 3. Let n = f - 13. Is n prime?
True
Let g(d) = 311*d**2 - 4*d + 3. Let y be g(4). Let c = -3485 + y. Is c/4*14/7 a composite number?
False
Let z = 7 - 1. Let p(f) = -f**2 + 7*f + 5. Let v be p(z). Let y(w) = w**3 - 11*w**2 + 7*w + 5. Is y(v) a prime number?
False
Suppose -77*g + 69*g + 9752 = 0. Is g prime?
False
Suppose -2*u - 4*v = -6*u + 14108, 0 = u - 2*v - 3532. Suppose -u = -63*y + 57*y. Is y a prime number?
True
Let s(m) = -6*m - 44. Let g be s(-8). Is 1/(-2) + 3 + 6682/g a composite number?
True
Suppose -52526 + 10634 = -12*d. Is d a composite number?
False
Suppose 10 + 5 = 5*a. Suppose -7*c = 103 - 40. Is (20 - c/a)/1 prime?
True
Let s = -5 - -55. Suppose -s - 321 = -w. Is w a prime number?
False
Let a(b) = 189*b + 383. Is a(8) a prime number?
False
Let s = -2614 - -2868. Is s prime?
False
Suppose 2 = -2*f + 10, 3*l = 5*f + 4375. Is l composite?
True
Let s = -1851 - -2640. Suppose 2*v - 623 = -2*v + 5*t, 5*v + 4*t - s = 0. Is v a composite number?
False
Suppose -u + 2 = 4. Is u/(-4)*(651 - -11) a prime number?
True
Suppose 0 = 2*k - 7*k + 70. Let x(r) = -r**2 + 22*r + 11. Let n be x(k). Suppose -w + n = 2*s, 9*s + 25 = 4*s. Is w a prime number?
False
Suppose 2*h - 1140 = -2*s, 2*h - 566 = 3*s - 4*s. Suppose 5*f - 716 = 3*o - 2*o, -4*f + s = -2*o. Is f a prime number?
False
Suppose 22178 = 5*g + 3*i, -g + 4*i = -1658 - 2773. Suppose d = -4*d + g. Is d a composite number?
False
Suppose -7*h + 80 + 13437 = 0. Is h a prime number?
True
Let v = -2680 + 10029. Is v composite?
False
Let n(u) = -254*u - 127. Is n(-7) composite?
True
Let c = -41 + 21. Let a = 164 + c. Let h = a + 358. Is h a prime number?
False
Suppose 4*q + 3 = -r + 24, -5*q = -4*r. Let g(o) = q - 5*o - 2 - 1 + 3. Is g(-9) a prime number?
False
Suppose -5*r + 2*o + 17 + 3 = 0, 11 = -2*r - 3*o. Let b be 5/(5/(-2)) + -41. Is r + (2 - b/1) prime?
True
Suppose -2*d + 3560 = 2*d - 4*o, -3*d = 3*o - 2658. Is 5/(-2)*d/(-30) prime?
False
Let m be (16/(-4))/(-1) + -4. Suppose 0 = 4*x, m*x + 3*x - 938 = -2*v. Is v composite?
True
Let f = 83 + -140. Suppose -1273 = 9*b - 229. Let t = f - b. Is t composite?
False
Let o be (5 + -9)*(3 + 14/(-4)). Suppose 0 = t + o, -2*x + t = -5*x + 2629. Is x a composite number?
False
Let x = -7560 + 3522. Is (-1 - (-28)/21)/((-2)/x) prime?
True
Let c(y) = 12*y - 5. Let x be c(-15). Let l = x + 381. Is (-2)/(-10) + l/20 a prime number?
False
Let p(c) = -255*c**3 - 14*c**2 - 53*c - 7. Is p(-4) prime?
True
Let s = -14763 - -31240. Is s prime?
True
Suppose 0 = -4*n + 6*n + 428. Let k = 521 + n. Is k a composite number?
False
Let h(p) = 109*p + 18. Let r be h(-6). Let v = 356 + r. Let q = -86 - v. Is q a prime number?
False
Let s(f) be the second derivative of f**4/3 + 5*f**3/6 - 14*f**2 - 41*f. Is s(9) a composite number?
True
Let r(x) = -2*x**3 + 5*x**2 - x - 8. Let w be r(4). Let j = 109 - w. Is j a composite number?
True
Let y(a) = -a**3 + 9*a**2 - 7*a. Let h be y(8). Suppose -3*o + o = h. Is -3 - o/1*41 a prime number?
False
Suppose 6324 + 19173 = 9*y. Is y a composite number?
False
Is 10596/28 - 4/(-7) prime?
True
Let d be (-100765)/(-30) + (-2)/12*-1. Suppose -4*z + 2*z = -5*b + d, z = 3. Is b a composite number?
False
Is (-23577)/(-8) + (-3)/24 prime?
False
Suppose 5*h - 11 - 19 = 0. Let s be 4/14 + 4938/14. Suppose -s - h = -4*f - a, -5*a - 341 = -4*f. Is f a prime number?
True
Let w = -64 - -60. Is (839 + (w - -4))*1 a composite number?
False
Let o(x) = 3652*x + 377. Is o(20) a prime number?
True
Let t = -12 - -9. Let s(g) = -3*g**3 - 3*g**2 + g + 4. Is s(t) a prime number?
False
Let r = 3183 - 1066. Is r prime?
False
Suppose 310*c + 6055 = 315*c. Is c a composite number?
True
Let p(w) = 6*w**2 + 1. Let g = 20 - 15. Let m be (-2)/5 - 13/g. Is p(m) composite?
True
Suppose 322*j = 323*j - 45271. Is j a prime number?
False
Suppose 7*v = 5409 + 4328. Is v a prime number?
False
Let m be (56/(-5))/((-13)/(-65)). Let q = 2 - m. Suppose 5*s + 2*g - 239 = 0, -5*s + q = -4*s - 3*g. Is s a prime number?
False
Let x be (1 - (1 - 3)) + -1. Is 4*384 + -3 + x prime?
False
Let r(x) = x**3 + 15*x**2 - 15*x + 22. Let l be r(-16). Suppose -l*i = -11*i + 1895. Is i prime?
True
Let h = -1 - 57. Let l = 21 - h. Is l a composite number?
False
Let i be 4 - 12/(-18)*15. Let f = 0 - 1. Is f*1*(-2674)/i prime?
True
Let o = -23580 - -41827. Is o composite?
True
Let x be 144/12 + (0 - 8). Let h = -3334 + 6098. Suppose 0*g = x*g - h. Is g prime?
True
Is (0 + 4582)/(-67 - -69) prime?
False
Suppose -5 = c, 5422 + 1604 = 4*t + 2*c. Suppose 5*z = 524 - t. Let l = z + 448. Is l composite?
True
Let o(d) = 502*d - 119 - 193*d + 55 + 62. Is o(5) a composite number?
False
Suppose 14*w = -8*w + 65978. Is w a composite number?
False
Suppose 2*z + 2 - 8 = 0. Let q(j) = 6*j**2 - 2*j**2 + 3 - 6*j + 4*j. Is q(z) a prime number?
False
Suppose 0 = -6*y + 25*y - 37601. Is y a composite number?
False
Let w(l) = l**3 + 15*l**2 + 5*l + 8. Let i be 4/7 - 1240/(-35). Suppose -k - i = 5*z + 4, z - 18 = 5*k. Is w(z) prime?
False
Suppose 82 = o + 5*c, 2*c = -3*o - c + 210. Is o a composite number?
False
Suppose 68 - 278 = 2*i - 4*y, 3*y - 445 = 4*i. Let v = 809 + i. Is v prime?
False
Suppose 4*b - 59 = -51. Suppose b*g - 1272 = -2*n, 5*n + 3*g - 583 = 2591. Is n composite?
True
Let h be (-4)/6 + 40/6. Suppose 0 = -h*w + 500 - 146. Is w composite?
False
Let z(v) = -v**3 + 8*v**2 + 10*v - 17. Let x be z(9). Is (-4)/x*(639 - 1) a prime number?
False
Let t(r) = 13*r**2 - 3*r - 11. Let u be -1 - 6 - (-3 + 7 + -7). Is t(u) a prime number?
False
Is -9 - 143/(-11) - -13393 composite?
False
Suppose -z = 2*z - 15. Let j = -2 + z. Suppose j*d + 2*d - 185 = 0. Is d a composite number?
False
Is 1*(42/7 - -68851) a prime number?
False
Let u(d) = d**2 + 3*d - 13. Let p be u(-7). Let q = p - 12. Is 1*q + (245 - -5) composite?
True
Suppose 0 = 12*y - 59454 - 4854. Is y prime?
False
Suppose -2*r + 2*z = 6*z - 22, z = 4*r - 44. Let v = r - 9. Is (v - (-2 - -51))*-5 a prime number?
False
Let y be (0 - 0) + (-3 - -7). Suppose 0 = 2*m - m - 2*g - 94, -y*m + 4*g = -384. Let q = m + -59. Is q prime?
False
Suppose 3*r = -574 - 488. Let l be (r/(-5))/((-3)/(-10)). Suppose -f + p + l = f, -10 = -5*p. Is f a prime number?
False
Let x = 437 + 1392. Is x a composite number?
True
Let l be 1*(1 + (-1)/(-1)) - -1. Suppose c = -l*c + 124. Is c a prime number?
True
Let t(a) = 2*a + 4*a**2 - 5*a - 3 + 2*a. Let v be t(5). Suppose -v - 215 = -l. Is l a composite number?
False
Suppose 2*m = -4*d + 3208, 0 = -4*m + 9*m - d - 8075. Suppose g = -2*g + m